{"id":919,"date":"2015-01-15T16:06:50","date_gmt":"2015-01-15T16:06:50","guid":{"rendered":"http:\/\/moriartyland.net\/mall\/?post_type=product&#038;p=919"},"modified":"2025-04-29T15:19:33","modified_gmt":"2025-04-29T15:19:33","slug":"birds-on-a-wire-cd","status":"publish","type":"product","link":"https:\/\/moriartyland.net\/mall\/product\/birds-on-a-wire-cd\/","title":{"rendered":"Rosemary Standley &#038; Dom la Nena &#8211; Birds On A Wire &#8211; CD"},"content":{"rendered":"<p>\u26a0\ufe0f Notre boutique d\u00e9m\u00e9nage, vous pouvez retrouver tous les articles de Birds On A Wire juste <a href=\"https:\/\/airrytmo.myshopify.com\/collections\/birds-on-a-wire\"><strong>ici<\/strong><\/a> !<br \/>\n&#8212;<br \/>\n\u26a0\ufe0f Our store is moving, and you can find all Birds On A Wire items right <a href=\"https:\/\/airrytmo.myshopify.com\/collections\/birds-on-a-wire\"><strong>here<\/strong><\/a> !<\/p>\n","protected":false},"excerpt":{"rendered":"<p>&#8220;Le duo fait planer un esprit baroque sur Tom Waits, Caetano Veloso ou Fairuz. Et enchante par sa sobri\u00e9t\u00e9 et son raffinement.&#8221; T\u00e9l\u00e9rama<\/p>\n","protected":false},"featured_media":3097,"comment_status":"closed","ping_status":"closed","template":"","meta":{"jetpack_publicize_message":"","jetpack_is_tweetstorm":false,"jetpack_publicize_feature_enabled":true,"jetpack_social_post_already_shared":false,"jetpack_social_options":{"image_generator_settings":{"template":"highway","enabled":false}}},"product_cat":[70],"product_tag":[],"jetpack_publicize_connections":[],"aioseo_notices":[],"_links":{"self":[{"href":"https:\/\/moriartyland.net\/mall\/wp-json\/wp\/v2\/product\/919"}],"collection":[{"href":"https:\/\/moriartyland.net\/mall\/wp-json\/wp\/v2\/product"}],"about":[{"href":"https:\/\/moriartyland.net\/mall\/wp-json\/wp\/v2\/types\/product"}],"replies":[{"embeddable":true,"href":"https:\/\/moriartyland.net\/mall\/wp-json\/wp\/v2\/comments?post=919"}],"wp:featuredmedia":[{"embeddable":true,"href":"https:\/\/moriartyland.net\/mall\/wp-json\/wp\/v2\/media\/3097"}],"wp:attachment":[{"href":"https:\/\/moriartyland.net\/mall\/wp-json\/wp\/v2\/media?parent=919"}],"wp:term":[{"taxonomy":"product_cat","embeddable":true,"href":"https:\/\/moriartyland.net\/mall\/wp-json\/wp\/v2\/product_cat?post=919"},{"taxonomy":"product_tag","embeddable":true,"href":"https:\/\/moriartyland.net\/mall\/wp-json\/wp\/v2\/product_tag?post=919"}],"curies":[{"name":"wp","href":"https:\/\/api.w.org\/{rel}","templated":true}]}}