{"id":403,"date":"2012-05-06T15:04:37","date_gmt":"2012-05-06T15:04:37","guid":{"rendered":"http:\/\/moriartyland.net\/mall\/?post_type=product&#038;p=403"},"modified":"2025-04-29T15:23:27","modified_gmt":"2025-04-29T15:23:27","slug":"the-missing-room-digipack","status":"publish","type":"product","link":"https:\/\/moriartyland.net\/mall\/product\/the-missing-room-digipack\/","title":{"rendered":"The Missing Room &#8211; CD (Digipack)"},"content":{"rendered":"<p>\u26a0\ufe0f Notre boutique d\u00e9m\u00e9nage, vous pouvez retrouver tous les articles de Moriarty juste <a href=\"https:\/\/airrytmo.myshopify.com\/collections\/moriarty\"><strong>ici<\/strong><\/a> !<br \/>\n&#8212;<br \/>\n\u26a0\ufe0f Our store is moving, and you can find all Moriarty items right <a href=\"https:\/\/airrytmo.myshopify.com\/collections\/moriarty\"><strong>here<\/strong><\/a> !<\/p>\n<p>During the fall of 2012, as we were performing the show \u201cMemories From The Missing Room\u201d, directed by Marc Lain\u00e9 at the Th\u00e9\u00e2tre de la Bastille in Paris, we decided to film a song within the stage set, a strange rotating motel room.<br \/>\nWith our accomplice Cl\u00e9ment Deuve \u2013 a photographer and filmmaker accustomed to analogue and handmade techniques \u2013 we set up the shooting of a music video with four super-8 cameras.<\/p>\n<p>The song was played live, in two takes only. Rosemary, armed with a handgun, played the role of Julie Gold, a woman torn between two destinies. The actor Geoffrey Carey emerged from the darkness to become the \u201cFine Fine Man\u201d, who tries to hold her captive.<\/p>\n<p>Once the theater show was over, we took to the road again, to Germany, Australia and the Indian Ocean\u2026 The 16 rolls of super-8 film were stored, lost, forgotten for years before they were found again at the bottom of a suitcase and processed. On the film we saw ghosts and spirits, the last echo of the \u201cMissing Room\u201d, and the forerunners of our next album \u201c<a href=\"http:\/\/moriartyland.net\/mall\/product\/epitaph-cd\/\">Epitaph<\/a>\u201d.<\/p>\n","protected":false},"excerpt":{"rendered":"<p>Moriarty\u2019s second album, twelve new songs and a ghost, with a 40-page booklet illustrated by Zim Moriarty. Digipack version.<\/p>\n","protected":false},"featured_media":405,"comment_status":"closed","ping_status":"closed","template":"","meta":{"jetpack_publicize_message":"","jetpack_is_tweetstorm":false,"jetpack_publicize_feature_enabled":true,"jetpack_social_post_already_shared":false,"jetpack_social_options":{"image_generator_settings":{"template":"highway","enabled":false}}},"product_cat":[80,68],"product_tag":[],"jetpack_publicize_connections":[],"aioseo_notices":[],"_links":{"self":[{"href":"https:\/\/moriartyland.net\/mall\/wp-json\/wp\/v2\/product\/403"}],"collection":[{"href":"https:\/\/moriartyland.net\/mall\/wp-json\/wp\/v2\/product"}],"about":[{"href":"https:\/\/moriartyland.net\/mall\/wp-json\/wp\/v2\/types\/product"}],"replies":[{"embeddable":true,"href":"https:\/\/moriartyland.net\/mall\/wp-json\/wp\/v2\/comments?post=403"}],"wp:featuredmedia":[{"embeddable":true,"href":"https:\/\/moriartyland.net\/mall\/wp-json\/wp\/v2\/media\/405"}],"wp:attachment":[{"href":"https:\/\/moriartyland.net\/mall\/wp-json\/wp\/v2\/media?parent=403"}],"wp:term":[{"taxonomy":"product_cat","embeddable":true,"href":"https:\/\/moriartyland.net\/mall\/wp-json\/wp\/v2\/product_cat?post=403"},{"taxonomy":"product_tag","embeddable":true,"href":"https:\/\/moriartyland.net\/mall\/wp-json\/wp\/v2\/product_tag?post=403"}],"curies":[{"name":"wp","href":"https:\/\/api.w.org\/{rel}","templated":true}]}}