{"id":2879,"date":"2022-06-20T12:56:05","date_gmt":"2022-06-20T12:56:05","guid":{"rendered":"https:\/\/moriartyland.net\/mall\/?post_type=product&#038;p=2879"},"modified":"2025-04-29T15:37:20","modified_gmt":"2025-04-29T15:37:20","slug":"precommande-wati-watia-zorey-band-deliryom-lp-disponible-le-29-septembre-2022","status":"publish","type":"product","link":"https:\/\/moriartyland.net\/mall\/product\/precommande-wati-watia-zorey-band-deliryom-lp-disponible-le-29-septembre-2022\/","title":{"rendered":"Wati Watia Zorey Band &#8211; D\u00e9liryom &#8211; LP"},"content":{"rendered":"<p><a href=\"https:\/\/airrytmo.myshopify.com\/collections\/wati-watia-zorey-band\">\u26a0\ufe0f Notre boutique d\u00e9m\u00e9nage, vous pouvez retrouver tous les articles de Wati Watia Zorey Band juste <strong>ici<\/strong> !<\/a><br \/>\n<a href=\"https:\/\/airrytmo.myshopify.com\/collections\/wati-watia-zorey-band\">&#8212;<\/a><br \/>\n<a href=\"https:\/\/airrytmo.myshopify.com\/collections\/wati-watia-zorey-band\">\u26a0\ufe0f Our store is moving, and you can find all Wati Watia Zorey Band items right <strong>here<\/strong> !<\/a><\/p>\n<p><span style=\"font-weight: 400;\">Un violon, un fifre, et le ciel immense s\u2019offre \u00e0 nous. Deux voix le traversent, duo d\u2019hirondelles jouant de leurs perp\u00e9tuelles retrouvailles, rejointes par des percussions cognant comme des vagues sur des c\u00f4tes d\u00e9chiquet\u00e9es. C\u2019est l\u2019ouverture de l\u2019album <\/span><i><span style=\"font-weight: 400;\">D\u00e9liryom<\/span><\/i><span style=\"font-weight: 400;\">, le d\u00e9but de ce watia watia &#8211; entendez joyeux bazar ou savoureux micmac, ouvert par six zoreys\u00a0: en cr\u00e9ole de la R\u00e9union, des m\u00e9tropolitains de la lointaine France. Mais ces zoreys l\u00e0 revendiquent justement leur cr\u00e9olit\u00e9 comme une famille de c\u0153ur, une patrie choisie. Et s\u2019en font une f\u00eate.\u00a0<\/span><\/p>\n<p><span style=\"font-weight: 400;\">Rosemary Standley et Marjolaine Karlin, dames d\u2019\u00e9pique autant que de ch\u0153ur se sont rencontr\u00e9es lors d\u2019un concert o\u00f9 le maloya r\u00e9unionnais r\u00e9sonnait \u00e0 Paris. C\u2019\u00e9tait en 2008, et leur fascination pour l\u2019\u00eele, ses rythmes, sa langue n\u00e9e pour la po\u00e9sie ne pouvait que les r\u00e9unir. Un personnage aussi, po\u00e8te majuscule et vagabond c\u00e9leste, qui pour elles ferait figure de p\u00e8re spirituel &#8211; Alain Peters. Ou plut\u00f4t son fant\u00f4me, puisqu\u2019il s\u2019est \u00e9teint en 1995 frapp\u00e9 d\u2019une crise cardiaque, laissant derri\u00e8re lui une fille, et une vingtaine de chansons qui ont dessin\u00e9 un horizon f\u00e9cond pour tous les musiciens de la R\u00e9union\u2026 et d\u2019ailleurs !<\/span><\/p>\n","protected":false},"excerpt":{"rendered":"<p>Six ans apr\u00e8s le premier opus, Rosemary Standley et Marjolaine Karlin reviennent avec un nouvel album !<\/p>\n","protected":false},"featured_media":2934,"comment_status":"closed","ping_status":"closed","template":"","meta":{"jetpack_publicize_message":"","jetpack_is_tweetstorm":false,"jetpack_publicize_feature_enabled":true,"jetpack_social_post_already_shared":true,"jetpack_social_options":{"image_generator_settings":{"template":"highway","enabled":false}}},"product_cat":[95,69],"product_tag":[],"jetpack_publicize_connections":[],"aioseo_notices":[],"_links":{"self":[{"href":"https:\/\/moriartyland.net\/mall\/wp-json\/wp\/v2\/product\/2879"}],"collection":[{"href":"https:\/\/moriartyland.net\/mall\/wp-json\/wp\/v2\/product"}],"about":[{"href":"https:\/\/moriartyland.net\/mall\/wp-json\/wp\/v2\/types\/product"}],"replies":[{"embeddable":true,"href":"https:\/\/moriartyland.net\/mall\/wp-json\/wp\/v2\/comments?post=2879"}],"wp:featuredmedia":[{"embeddable":true,"href":"https:\/\/moriartyland.net\/mall\/wp-json\/wp\/v2\/media\/2934"}],"wp:attachment":[{"href":"https:\/\/moriartyland.net\/mall\/wp-json\/wp\/v2\/media?parent=2879"}],"wp:term":[{"taxonomy":"product_cat","embeddable":true,"href":"https:\/\/moriartyland.net\/mall\/wp-json\/wp\/v2\/product_cat?post=2879"},{"taxonomy":"product_tag","embeddable":true,"href":"https:\/\/moriartyland.net\/mall\/wp-json\/wp\/v2\/product_tag?post=2879"}],"curies":[{"name":"wp","href":"https:\/\/api.w.org\/{rel}","templated":true}]}}